 14) to base 12.
1101580
Convert -10000101001100000 (base 2) to base 12.
-33568
10100100001111111 (base 2) to base 15
19db5
40044113 (base 5) to base 8
1150215
What is -b37b7 (base 13) in base 5?
-40301340
What is -100221222112 (base 3) in base 6?
-4111452
Convert 2360652 (base 8) to base 16.
9e1aa
Convert 3343621 (base 7) to base 9.
701284
212449 (base 10) to base 11
135686
-61261200 (base 7) to base 3
-100121110222210
Convert -1645501 (base 8) to base 4.
-1310231001
What is 1206432 (base 8) in base 10?
331034
What is -1262463 (base 7) in base 11?
-104191
What is 7d7bd3 (base 14) in base 13?
b70942
-573448 (base 9) to base 7
-2631056
Convert -34c7b (base 13) to base 7.
-551431
Convert 1415343233 (base 6) to base 11.
9872850
What is 2632030 (base 7) in base 5?
42002200
What is -602241 (base 7) in base 10?
-101655
What is -101000011101100010111 (base 2) in base 6?
-44230103
Convert -a38ac (base 13) to base 11.
-190726
-130044 (base 7) to base 8
-56752
114334222 (base 5) to base 11
341013
20415115 (base 6) to base 14
116379
What is 440002203 (base 5) in base 10?
1875303
-61278 (base 12) to base 10
-126524
Convert 2124505 (base 7) to base 11.
167267
23011321002 (base 4) to base 9
5421563
5998751 (base 10) to base 8
26704237
-11149 (base 15) to base 2
-1101010000010110
Convert 14806167 (base 9) to base 10.
7385641
Convert 139920 (base 11) to base 5.
23434224
Convert a7161 (base 11) to base 5.
14442130
Convert 111122300 (base 4) to base 13.
30c14
What is 906aa8 (base 13) in base 8?
14633747
What is -52363 (base 8) in base 11?
-15380
What is -3841a (base 12) in base 13?
-28b58
Convert 1432411 (base 5) to base 11.
20897
What is -1562414 (base 8) in base 12?
-1995a4
3776a37 (base 13) to base 6
1414402151
What is -2d32dd (base 16) in base 5?
-1224242031
2010410104 (base 5) to base 14
760b7b
-101100100001 (base 2) to base 8
-5441
What is -124467 (base 9) in base 5?
-4403342
10101001101111101 (base 2) to base 14
2395b
Convert -6022346 (base 7) to base 12.
-2a394b
Convert -3355222 (base 6) to base 11.
-107482
267635 (base 8) to base 14
26421
403214031 (base 5) to base 11
a04778
What is 146238 (base 15) in base 10?
982628
What is -13431331 (base 5) in base 15?
-2b561
What is -112020102012 (base 3) in base 10?
-280238
2490703 (base 10) to base 7
30112345
-3552a (base 11) to base 3
-2121020212
-5506333 (base 7) to base 3
-1021021020211
Convert -11111110001111011 (base 2) to base 6.
-2442351
-11412005 (base 6) to base 11
-226054
Convert -676624 (base 11) to base 15.
-164406
Convert 30602 (base 7) to base 6.
54415
Convert -876174 (base 9) to base 6.
-15112321
10698a (base 16) to base 13
2b8760
Convert -3d3da2 (base 16) to base 11.
-22a1423
Convert 53eb6 (base 16) to base 11.
215286
Convert -1013203311 (base 4) to base 14.
-78b65
Convert 472e4 (base 15) to base 3.
102112002121
-211010100 (base 4) to base 2
-100101000100010000
Convert -5ec228 (base 16) to base 6.
-341034224
-395f16 (base 16) to base 5
-1430304034
What is 101110111100000010110 (base 2) in base 13?
41b101
-103012120 (base 4) to base 9
-128274
203120232 (base 5) to base 7
10035211
Convert -712a469 (base 11) to base 3.
-212201101222122
What is -12002020212210 (base 3) in base 10?
-2701587
What is -1321450304 (base 6) in base 14?
-2143a12
Convert -178930 (base 11) to base 14.
-7248c
-40105042 (base 6) to base 4
-10103202302
12122021011 (base 4) to base 6
100001301
Convert -15a739 (base 14) to base 13.
-207499
1606416 (base 7) to base 12
a7906
What is -122212210 (base 3) in base 10?
-13035
-58372 (base 9) to base 8
-114041
10615a4 (base 11) to base 12
759295
-1100111011001001 (base 2) to base 16
-cec9
-1736435 (base 9) to base 6
-32435005
Convert -100000000000110110001010 (base 2) to base 8.
-40006612
Convert -608521 (base 9) to base 16.
-58066
-1441216 (base 7) to base 11
-123504
17405237 (base 8) to base 3
21122120102210
-163464 (base 9) to base 11
-69964
-1530311 (base 6) to base 8
-256703
2a549 (base 16) to base 12
84409
-32022211 (base 4) to base 14
-17205
What is -3313030023 (base 4) in base 7?
-11414604
-1132033021 (base 4) to base 9
-647431
Convert 1313030320 (base 4) to base 6.
14244224
What is -202020112120 (base 3) in base 11?
-252387
500024 (base 9) to base 6
10154551
Convert -241202 (base 9) to base 6.
-3040215
Convert 9aed6 (base 15) to base 11.
307213
-1a43797 (base 14) to base 3
-220121002021200
Convert 60254 (base 7) to base 15.
4498
What is 1435408 (base 10) in base 13?
3b3470
What is -143a9 (base 13) in base 12?
-19ba3
Convert 491927 (base 10) to base 11.
306657
8b90 (base 15) to base 14
ab10
Convert 505263 (base 7) to base 5.
10222033
Convert 48053c (base 16) to base 9.
8783468
Convert -5560a2 (base 12) to base 9.
-2500245
What is -33304444 (base 5) in base 10?
-291249
17586 (base 16) to base 4
113112012
978413 (base 11) to base 4
11331213110
What is 111113013302 (base 4) in base 8?
25270762
601b6 (base 14) to base 7
1651016
-400499 (base 10) to base 6
-12330055
-2210650 (base 9) to base 16
-1220e8
Convert 98715 (base 11) to base 3.
21021112200
What is -b42625 (base 13) in base 7?
-50506200
-221413100 (base 5) to base 13
-27aca9
Convert 49537 (base 11) to base 12.
35244
-4b5f0 (base 16) to base 5
-34334340
What is 233003 (base 4) in base 11?
2298
-3371244 (base 8) to base 15
-130c8e
What is 3471f (base 16) in base 9?
356603
Convert 143035 (base 8) to base 9.
76512
What is -dd0014 (base 15) in base 5?
-10143430034
What is 817e5 (base 16) in base 4?
2001133211
211154 (base 7) to base 5
2131241
3db572 (base 15) to base 2
1011010110001110001111
b1133 (base 12) to base 16
38277
What is 11220202122 (base 3) in base 15?
1da25
54912 (base 14) to base 2
110010000000100100
-104761 (base 12) to base 9
-431261
Convert 10310344403 (base 5) to base 4.
222010122013
Convert -657134 (base 8) to base 9.
-365743
What is 2458a (base 14) in base 12?
43552
Convert 41404255 (base 6) to base 15.
18a185
What is -1481a (base 13) in base 7?
-220620
What is -30201131 (base 4) in base 3?
-2121100202
14322144 (base 5) to base 2
100100111111111101
Convert -248449 (base 15) to base 8.
-6530343
What is -27151255 (base 8) in base 3?
-102110001122101
-3203001 (base 8) to base 10
-853505
-1701564 (base 8) to base 16
-78374
-2138c7 (base 15) to base 14
-2d24b5
Convert -674104 (base 9) to base 2.
-1100010011100010110
Convert -4155104 (base 7) to base 8.
-1722670
Convert 15106421 (base 7) to base 3.
2200200202222
What is 130efd (base 16) in base 15?
19a131
-10241320 (base 5) to base 15
-1ac0a
Convert -725845 (base 13) to base 8.
-12134027
What is 10010101000000000000 (base 2) in base 3?
1011000011212
513a907 (base 11) to base 12
3059001
14262423 (base 7) to base 14
26d64a
What is 11280a (base 12) in base 8?
1027412
Convert -1919627 (base 13) to base 7.
-126564452
66915 (base 13) to base 4
231123213
What is -111010101011110 (base 2) in base 3?
-1112012211
2718121 (base 10) to base 12
ab0ba1
Convert 13460 (base 12) to base 10.
26568
What is -1135621 (base 7) in base 8?
-430503
Convert -1240122 (base 5) to base 4.
-11331130
-11022210221 (base 3) to base 12
-41344
Convert ba42f (base 16) to base 4.
2322100233
What is -6632012 (base 10) in base 11?
-381a802
Convert -32222330031 (base 4) to base 15.
-50e7d6
What is -30035555 (base 7) in base 14?
-487a2c
What is 11111202022 (base 3) in base 12?
43445
Convert 5380266 (base 10) to base 2.
10100100001100010101010
2162100 (base 7) to base 3
111120121000
What is -25c72c (base 13) in base 2?
-11011110111001010000
Convert 101002220120 (base 4) to base 2.
10001000010101000011000
Convert -8575281 (base 9) to base 4.
-101202031210
What is -2011551 (base 8) in base 9?
-886003
Convert 4a67304 (base 11) to base 9.
17483436
Convert 8163872 (base 9) to base 8.
20465513
What is 1c66c3 (base 14) in base 8?
3701463
4819290 (base 10) to base 15
652e10
Convert -8138a02 (base 11) to base 5.
-12140424242
What is -240104330 (base 5) in base 16?
-10bef9
What is -887449 (base 10) in base 7?
-10354213
-54a051 (base 11) to base 8
-3261201
What is -233878 (base 11) in base 12?
-15a8a7
Convert -12000021320 (base 4) to base 14.
-2cd608
What is -101001000111001101110 (base 2) in base 5?
-321102212
Convert -39458 (base 10) to base 4.
-21220202
Convert -20321134 (base 8) to base 12.
-15352a4
-25133543 (b